{"id":7991,"date":"2025-04-10T08:41:00","date_gmt":"2025-04-10T12:41:00","guid":{"rendered":"https:\/\/aveloquebec.ca\/confidentialite\/"},"modified":"2025-04-10T08:42:41","modified_gmt":"2025-04-10T12:42:41","slug":"privacy","status":"publish","type":"page","link":"https:\/\/aveloquebec.ca\/en\/privacy\/","title":{"rendered":"Confidentialit\u00e9"},"content":{"rendered":"\r\n\r\n\t<h1>Confidentialit\u00e9 et utilisation des donn\u00e9es personnelles<\/h1>\r\n<p>&nbsp;<\/p>\r\n\t<p>L&#8217;utilisateur consent \u00e0 la collecte des renseignements personnels suivants\u202f:<\/p>\r\n\t<p>Les renseignements personnels ci-dessus sont collect\u00e9s pour les fins de\u202f:\u00a0\u00a0<\/p>\r\n<p>i) la vente de forfaits au Service ou le remboursement de ceux-ci;<\/p>\r\n<p>ii) la gestion et la prestation du Service;<\/p>\r\n<p>iii) la pr\u00e9vention, la d\u00e9tection ou la r\u00e9pression de la fraude ou du vol;\u00a0<\/p>\r\n<p>iv) la planification du Service (sous forme d\u00e9personnalis\u00e9e).<\/p>\r\n<p>\u00a0<\/p>\r\n<p>Les cat\u00e9gories de personnes qui pourront, dans l&#8217;exercice de leurs fonctions, avoir acc\u00e8s aux renseignements personnels collect\u00e9s sont\u202f:\u00a0<\/p>\r\n<ul>\r\n<li data-leveltext=\"-\" data-font=\"Arial\" data-listid=\"14\" data-list-defn-props=\"{&quot;335551671&quot;:86,&quot;335552541&quot;:1,&quot;335559685&quot;:720,&quot;335559991&quot;:360,&quot;469769226&quot;:&quot;Arial&quot;,&quot;469769242&quot;:[8226],&quot;469777803&quot;:&quot;left&quot;,&quot;469777804&quot;:&quot;-&quot;,&quot;469777815&quot;:&quot;hybridMultilevel&quot;}\" aria-setsize=\"-1\" data-aria-posinset=\"87\" data-aria-level=\"1\">Les employ\u00e9s du RTC et de Capitale Mobilit\u00e9 dans les secteurs de la vente de forfaits, du service \u00e0 la client\u00e8le, de la planification du Service et des technologies de l&#8217;information;\u00a0<\/li>\r\n<\/ul>\r\n<ul>\r\n<li data-leveltext=\"-\" data-font=\"Arial\" data-listid=\"14\" data-list-defn-props=\"{&quot;335551671&quot;:86,&quot;335552541&quot;:1,&quot;335559685&quot;:720,&quot;335559991&quot;:360,&quot;469769226&quot;:&quot;Arial&quot;,&quot;469769242&quot;:[8226],&quot;469777803&quot;:&quot;left&quot;,&quot;469777804&quot;:&quot;-&quot;,&quot;469777815&quot;:&quot;hybridMultilevel&quot;}\" aria-setsize=\"-1\" data-aria-posinset=\"88\" data-aria-level=\"1\">Le fournisseur de service mandat\u00e9 par le RTC aux fins de la collecte et de la conservation des renseignements personnels;\u00a0<\/li>\r\n<\/ul>\r\n<ul>\r\n<li data-leveltext=\"-\" data-font=\"Arial\" data-listid=\"14\" data-list-defn-props=\"{&quot;335551671&quot;:86,&quot;335552541&quot;:1,&quot;335559685&quot;:720,&quot;335559991&quot;:360,&quot;469769226&quot;:&quot;Arial&quot;,&quot;469769242&quot;:[8226],&quot;469777803&quot;:&quot;left&quot;,&quot;469777804&quot;:&quot;-&quot;,&quot;469777815&quot;:&quot;hybridMultilevel&quot;}\" aria-setsize=\"-1\" data-aria-posinset=\"89\" data-aria-level=\"1\">L&#8217;employeur ou l&#8217;organisation permettant \u00e0 ses employ\u00e9s ou membres de b\u00e9n\u00e9ficier d&#8217;offres exclusives concernant l&#8217;utilisation du Service, suivant une entente pr\u00e9alable avec \u00e0V\u00e9lo.\u00a0<\/li>\r\n<\/ul>\r\n<p>\u00a0<\/p>\r\n<p>Dans certaines circonstances, le RTC pourrait communiquer \u00e0 l&#8217;ext\u00e9rieur du Qu\u00e9bec des renseignements personnels ou confier \u00e0 un fournisseur de services la t\u00e2che de recueillir, d&#8217;h\u00e9berger, d&#8217;utiliser, de communiquer ou de conserver pour son compte des renseignements personnels. Dans ce cas, le RTC s&#8217;assure que les renseignements personnels b\u00e9n\u00e9ficieront d&#8217;une protection ad\u00e9quate et que le transfert est conforme aux obligations l\u00e9gales et contractuelles pertinentes.\u00a0<\/p>\r\n<p>\u00a0<\/p>\r\n<p>L&#8217;utilisateur peut retirer son consentement \u00e0 la collecte et l&#8217;utilisation de ses renseignements personnels en tout temps. Si un trajet est en cours au moment du retrait, ce dernier prendra effet apr\u00e8s que les frais associ\u00e9s \u00e0 l&#8217;utilisation du V\u00e9lo auront \u00e9t\u00e9 pay\u00e9s en totalit\u00e9 conform\u00e9ment aux pr\u00e9sentes C.G.A.U.\u00a0<\/p>\r\n<p>\u00a0<\/p>\r\n<p>Selon le type de renseignement personnel, les modalit\u00e9s suivantes s&#8217;appliquent \u00e9galement en cas de retrait\u202f:<\/p>\r\n\t<p>L&#8217;utilisateur peut acc\u00e9der, modifier et obtenir une copie des renseignements personnels d\u00e9tenus \u00e0 son sujet en acc\u00e9dant \u00e0 la gestion de son compte dans l&#8217;application \u00e0V\u00e9lo ou sur le site Web. Il peut \u00e9galement rectifier des renseignements recueillis en contravention de la <i>Loi sur l&#8217;acc\u00e8s aux documents des organismes publics et sur la protection des renseignements personnels<\/i> (RLRQ, c. A-2.1) en adressant une demande \u00e9crite au Responsable des documents et de la protection des renseignements personnels du RTC \u00e0 l&#8217;adresse courriel suivante : <a href=\"mailto:secretariat.general@rtcquebec.ca\">secretariat.general@rtcquebec.ca<\/a>.<\/p>\r\n<p>\u00a0<\/p>\r\n<p>L&#8217;utilisateur peut \u00e9galement consulter la <i>Politique sur la confidentialit\u00e9 et la protection des renseignements personnels &#8211; moyens technologiques <\/i>adopt\u00e9e par le RTC disponible \u00e0 l&#8217;adresse suivante : <a href=\"https:\/\/www.rtcquebec.ca\/politique-sur-la-confidentialite-et-la-protection-des-renseignements-personnels\">www.rtcquebec.ca\/politique-sur-la-confidentialite-et-la-protection-des-renseignements-personnels<\/a>, ainsi que la <i>Politique sur la confidentialit\u00e9 et la protection des renseignements personnels &#8211; moyens technologiques <\/i>adopt\u00e9e par Capitale Mobilit\u00e9, disponible \u00e0 l&#8217;adresse suivante\u202f: <a id=\"menural6\" title=\"https:\/\/aveloquebec.ca\/wp-content\/uploads\/2025\/04\/po_protection-des-renseignements-personnels-moyens-technologiques-vf.pdf\" href=\"https:\/\/aveloquebec.ca\/wp-content\/uploads\/2025\/04\/PO_Protection-des-renseignements-personnels-moyens-technologiques-VF.pdf\" target=\"_blank\" rel=\"noreferrer noopener\" aria-label=\"Lien https:\/\/aveloquebec.ca\/wp-content\/uploads\/2025\/04\/PO_Protection-des-renseignements-personnels-moyens-technologiques-VF.pdf\">https:\/\/aveloquebec.ca\/wp-content\/uploads\/2025\/04\/PO_Protection-des-renseignements-personnels-moyens-technologiques-VF.pdf<\/a>.<\/p>\r\n<p>\u00a0<\/p>\r\n<p>Les renseignements personnels seront conserv\u00e9s durant les d\u00e9lais d\u00e9termin\u00e9s par le calendrier de conservation du RTC.<\/p>\r\n<p>&nbsp;<\/p>\r\n<p>&nbsp;<\/p>\r\n<p><em>Note : Les informations contenues dans cette page proviennent des <a href=\"https:\/\/aveloquebec.ca\/en\/terms-of-use\/\">Conditions d&#8217;utilisation<\/a> &#8211; article 10.<\/em><\/p>\r\n\r\n","protected":false},"excerpt":{"rendered":"<p>Confidentialit\u00e9 et utilisation des donn\u00e9es personnelles &nbsp; L&#8217;utilisateur consent \u00e0 la collecte des renseignements personnels suivants\u202f: Les renseignements personnels ci-dessus sont collect\u00e9s pour les fins de\u202f:\u00a0\u00a0 i) la vente de forfaits au Service ou le remboursement de ceux-ci; ii) la gestion et la prestation du Service; iii) la pr\u00e9vention, la d\u00e9tection ou la r\u00e9pression de la fraude ou du vol;\u00a0 iv) la planification du Service (sous forme d\u00e9personnalis\u00e9e). \u00a0 Les<\/p>\n<div class=\"readmore\"><a href=\"https:\/\/aveloquebec.ca\/en\/privacy\/\" class=\"blueBtn\" >Read more<\/a><\/div>\n","protected":false},"author":14,"featured_media":0,"parent":0,"menu_order":0,"comment_status":"closed","ping_status":"closed","template":"","meta":{"_acf_changed":false,"footnotes":""},"class_list":["post-7991","page","type-page","status-publish","hentry"],"acf":[],"_links":{"self":[{"href":"https:\/\/aveloquebec.ca\/en\/wp-json\/wp\/v2\/pages\/7991","targetHints":{"allow":["GET"]}}],"collection":[{"href":"https:\/\/aveloquebec.ca\/en\/wp-json\/wp\/v2\/pages"}],"about":[{"href":"https:\/\/aveloquebec.ca\/en\/wp-json\/wp\/v2\/types\/page"}],"author":[{"embeddable":true,"href":"https:\/\/aveloquebec.ca\/en\/wp-json\/wp\/v2\/users\/14"}],"replies":[{"embeddable":true,"href":"https:\/\/aveloquebec.ca\/en\/wp-json\/wp\/v2\/comments?post=7991"}],"version-history":[{"count":1,"href":"https:\/\/aveloquebec.ca\/en\/wp-json\/wp\/v2\/pages\/7991\/revisions"}],"predecessor-version":[{"id":7992,"href":"https:\/\/aveloquebec.ca\/en\/wp-json\/wp\/v2\/pages\/7991\/revisions\/7992"}],"wp:attachment":[{"href":"https:\/\/aveloquebec.ca\/en\/wp-json\/wp\/v2\/media?parent=7991"}],"curies":[{"name":"wp","href":"https:\/\/api.w.org\/{rel}","templated":true}]}}

Confidentialité

<h1>Confidentialité et utilisation des données personnelles</h1>
<p>&nbsp;</p>
	<p>L&#8217;utilisateur consent à la collecte des renseignements personnels suivants :</p>
	<p>Les renseignements personnels ci-dessus sont collectés pour les fins de :  </p>
<p>i) la vente de forfaits au Service ou le remboursement de ceux-ci;</p>
<p>ii) la gestion et la prestation du Service;</p>
<p>iii) la prévention, la détection ou la répression de la fraude ou du vol; </p>
<p>iv) la planification du Service (sous forme dépersonnalisée).</p>
<p> </p>
<p>Les catégories de personnes qui pourront, dans l&#8217;exercice de leurs fonctions, avoir accès aux renseignements personnels collectés sont : </p>
<ul>
<li data-leveltext="-" data-font="Arial" data-listid="14" data-list-defn-props="{&quot;335551671&quot;:86,&quot;335552541&quot;:1,&quot;335559685&quot;:720,&quot;335559991&quot;:360,&quot;469769226&quot;:&quot;Arial&quot;,&quot;469769242&quot;:[8226],&quot;469777803&quot;:&quot;left&quot;,&quot;469777804&quot;:&quot;-&quot;,&quot;469777815&quot;:&quot;hybridMultilevel&quot;}" aria-setsize="-1" data-aria-posinset="87" data-aria-level="1">Les employés du RTC et de Capitale Mobilité dans les secteurs de la vente de forfaits, du service à la clientèle, de la planification du Service et des technologies de l&#8217;information; </li>
</ul>
<ul>
<li data-leveltext="-" data-font="Arial" data-listid="14" data-list-defn-props="{&quot;335551671&quot;:86,&quot;335552541&quot;:1,&quot;335559685&quot;:720,&quot;335559991&quot;:360,&quot;469769226&quot;:&quot;Arial&quot;,&quot;469769242&quot;:[8226],&quot;469777803&quot;:&quot;left&quot;,&quot;469777804&quot;:&quot;-&quot;,&quot;469777815&quot;:&quot;hybridMultilevel&quot;}" aria-setsize="-1" data-aria-posinset="88" data-aria-level="1">Le fournisseur de service mandaté par le RTC aux fins de la collecte et de la conservation des renseignements personnels; </li>
</ul>
<ul>
<li data-leveltext="-" data-font="Arial" data-listid="14" data-list-defn-props="{&quot;335551671&quot;:86,&quot;335552541&quot;:1,&quot;335559685&quot;:720,&quot;335559991&quot;:360,&quot;469769226&quot;:&quot;Arial&quot;,&quot;469769242&quot;:[8226],&quot;469777803&quot;:&quot;left&quot;,&quot;469777804&quot;:&quot;-&quot;,&quot;469777815&quot;:&quot;hybridMultilevel&quot;}" aria-setsize="-1" data-aria-posinset="89" data-aria-level="1">L&#8217;employeur ou l&#8217;organisation permettant à ses employés ou membres de bénéficier d&#8217;offres exclusives concernant l&#8217;utilisation du Service, suivant une entente préalable avec àVélo. </li>
</ul>
<p> </p>
<p>Dans certaines circonstances, le RTC pourrait communiquer à l&#8217;extérieur du Québec des renseignements personnels ou confier à un fournisseur de services la tâche de recueillir, d&#8217;héberger, d&#8217;utiliser, de communiquer ou de conserver pour son compte des renseignements personnels. Dans ce cas, le RTC s&#8217;assure que les renseignements personnels bénéficieront d&#8217;une protection adéquate et que le transfert est conforme aux obligations légales et contractuelles pertinentes. </p>
<p> </p>
<p>L&#8217;utilisateur peut retirer son consentement à la collecte et l&#8217;utilisation de ses renseignements personnels en tout temps. Si un trajet est en cours au moment du retrait, ce dernier prendra effet après que les frais associés à l&#8217;utilisation du Vélo auront été payés en totalité conformément aux présentes C.G.A.U. </p>
<p> </p>
<p>Selon le type de renseignement personnel, les modalités suivantes s&#8217;appliquent également en cas de retrait :</p>
	<p>L&#8217;utilisateur peut accéder, modifier et obtenir une copie des renseignements personnels détenus à son sujet en accédant à la gestion de son compte dans l&#8217;application àVélo ou sur le site Web. Il peut également rectifier des renseignements recueillis en contravention de la <i>Loi sur l&#8217;accès aux documents des organismes publics et sur la protection des renseignements personnels</i> (RLRQ, c. A-2.1) en adressant une demande écrite au Responsable des documents et de la protection des renseignements personnels du RTC à l&#8217;adresse courriel suivante : <a href="mailto:secretariat.general@rtcquebec.ca">secretariat.general@rtcquebec.ca</a>.</p>
<p> </p>
<p>L&#8217;utilisateur peut également consulter la <i>Politique sur la confidentialité et la protection des renseignements personnels &#8211; moyens technologiques </i>adoptée par le RTC disponible à l&#8217;adresse suivante : <a href="https://www.rtcquebec.ca/politique-sur-la-confidentialite-et-la-protection-des-renseignements-personnels">www.rtcquebec.ca/politique-sur-la-confidentialite-et-la-protection-des-renseignements-personnels</a>, ainsi que la <i>Politique sur la confidentialité et la protection des renseignements personnels &#8211; moyens technologiques </i>adoptée par Capitale Mobilité, disponible à l&#8217;adresse suivante : <a id="menural6" title="https://aveloquebec.ca/wp-content/uploads/2025/04/po_protection-des-renseignements-personnels-moyens-technologiques-vf.pdf" href="https://aveloquebec.ca/wp-content/uploads/2025/04/PO_Protection-des-renseignements-personnels-moyens-technologiques-VF.pdf" target="_blank" rel="noreferrer noopener" aria-label="Lien https://aveloquebec.ca/wp-content/uploads/2025/04/PO_Protection-des-renseignements-personnels-moyens-technologiques-VF.pdf">https://aveloquebec.ca/wp-content/uploads/2025/04/PO_Protection-des-renseignements-personnels-moyens-technologiques-VF.pdf</a>.</p>
<p> </p>
<p>Les renseignements personnels seront conservés durant les délais déterminés par le calendrier de conservation du RTC.</p>
<p>&nbsp;</p>
<p>&nbsp;</p>
<p><em>Note : Les informations contenues dans cette page proviennent des <a href="https://aveloquebec.ca/en/terms-of-use/">Conditions d&#8217;utilisation</a> &#8211; article 10.</em></p>

<p>Confidentialité et utilisation des données personnelles &nbsp; L&#8217;utilisateur consent à la collecte des renseignements personnels suivants : Les renseignements personnels ci-dessus sont collectés pour les fins de :   i) la vente de forfaits au Service ou le remboursement de ceux-ci; ii) la gestion et la prestation du Service; iii) la prévention, la détection ou la répression de la fraude ou du vol;  iv) la planification du Service (sous forme dépersonnalisée).   Les</p>
<div class="readmore"><a href="https://aveloquebec.ca/en/privacy/" class="blueBtn" >Read more</a></div>
